tor of 31505 and 515.
5
What is the highest common divisor of 2758174 and 79192?
1042
What is the greatest common divisor of 11096 and 526452?
76
What is the highest common factor of 336 and 3731504?
112
What is the highest common divisor of 41132 and 4384?
4
Calculate the highest common divisor of 22731508 and 307.
307
Calculate the greatest common factor of 370 and 11594690.
370
What is the highest common divisor of 2842 and 50759541?
1421
Calculate the highest common divisor of 1630774 and 5002.
122
Calculate the greatest common factor of 177142 and 952.
14
What is the highest common divisor of 308 and 1514744?
308
Calculate the highest common factor of 14360 and 25000.
40
What is the highest common divisor of 46046 and 114884?
154
Calculate the greatest common divisor of 291 and 1135158699.
291
Calculate the greatest common divisor of 70002009 and 27027.
2079
What is the highest common factor of 27341 and 440876?
19
Calculate the highest common factor of 864 and 79116768.
288
Calculate the greatest common divisor of 44622908 and 44.
44
Calculate the greatest common factor of 1956032 and 72852.
52
Calculate the greatest common divisor of 260352 and 750320.
1808
Calculate the greatest common factor of 1674 and 222024294.
1674
What is the greatest common divisor of 1505 and 19627307?
301
Calculate the highest common factor of 1544 and 888064.
8
What is the greatest common divisor of 135 and 6611310?
45
Calculate the greatest common divisor of 588 and 783657.
147
What is the greatest common factor of 32 and 13855628?
4
What is the highest common factor of 41659792 and 8755?
1751
Calculate the highest common divisor of 52581536 and 1229.
1229
What is the greatest common factor of 4869986 and 121?
11
Calculate the greatest common factor of 294420 and 5051406.
4206
Calculate the highest common factor of 8144840 and 23320.
440
What is the greatest common factor of 14276549 and 952?
119
What is the highest common factor of 471199 and 28544?
223
What is the greatest common divisor of 16492 and 92141?
7
Calculate the greatest common factor of 895 and 20932439.
179
Calculate the greatest common divisor of 383331521 and 68.
17
What is the highest common divisor of 267525 and 102500?
1025
Calculate the highest common divisor of 50 and 5851130.
10
Calculate the highest common divisor of 6192974 and 2641.
19
What is the highest common divisor of 1222324 and 10?
2
Calculate the greatest common divisor of 7522718 and 8890.
1778
Calculate the highest common factor of 2185 and 1421390.
95
Calculate the highest common factor of 65 and 728117.
13
Calculate the greatest common divisor of 736204728 and 16912.
8456
What is the highest common factor of 56890597 and 1261?
97
What is the greatest common factor of 1659 and 171416?
7
What is the highest common factor of 859183 and 72761?
377
Calculate the greatest common factor of 30379342 and 427.
427
Calculate the greatest common factor of 10866390 and 16.
2
What is the highest common factor of 40398 and 285283943?
6733
Calculate the highest common factor of 1098186820 and 1420.
1420
What is the greatest common factor of 16709 and 644273?
217
Calculate the highest common divisor of 1712880 and 54000.
2160
What is the greatest common divisor of 875150 and 1?
1
What is the highest common factor of 47442342 and 94146?
7242
What is the highest common divisor of 21 and 2764519611?
21
Calculate the highest common divisor of 178088 and 2241920.
904
Calculate the greatest common divisor of 107198 and 2810584.
434
What is the highest common divisor of 66493384 and 2887?
2887
What is the greatest common divisor of 35 and 2067125?
5
What is the greatest common divisor of 168 and 104351128?
56
Calculate the greatest common divisor of 1441 and 32623847.
131
What is the greatest common divisor of 117 and 6308211?
39
What is the greatest common divisor of 245 and 4676455?
35
What is the greatest common factor of 3291063 and 38127?
213
Calculate the highest common factor of 7095450 and 72750.
150
Calculate the greatest common divisor of 1307900 and 419100.
1100
Calculate the greatest common divisor of 8651686 and 276834.
2494
Calculate the greatest common factor of 620 and 7295824.
4
Calculate the greatest common factor of 214813 and 1142501.
1901
Calculate the highest common divisor of 3796 and 97708.
52
Calculate the greatest common divisor of 632428 and 399876.
2836
What is the greatest common divisor of 144 and 295875?
9
What is the highest common divisor of 4569642 and 252?
126
Calculate the highest common divisor of 656881 and 675866.
3797
Calculate the highest common divisor of 1432 and 349554064.
1432
What is the highest common factor of 9375589 and 54189?
223
Calculate the greatest common factor of 102362 and 4513834.
3302
What is the greatest common divisor of 896526 and 828?
18
Calculate the highest common divisor of 565 and 58350940.
565
What is the greatest common divisor of 2241 and 5989653?
27
What is the highest common factor of 114837 and 201?
3
What is the greatest common divisor of 22491 and 3111?
51
Calculate the greatest common divisor of 169600 and 157675.
1325
Calculate the greatest common factor of 2449548 and 1850.
74
Calculate the highest common divisor of 15091579 and 2364.
197
Calculate the greatest common factor of 28305 and 223924.
629
Calculate the greatest common divisor of 14032 and 1286.
2
Calculate the highest common divisor of 6064 and 517350160.
6064
What is the highest common factor of 13452 and 1887384?
228
What is the highest common factor of 466944 and 64752?
912
What is the highest common factor of 76088 and 500?
4
Calculate the greatest common divisor of 50560 and 2655980.
1580
Calculate the greatest common divisor of 85164 and 32289.
141
Calculate the highest common divisor of 34 and 19130831.
17
Calculate the highest common divisor of 7313 and 1115907.
71
Calculate the highest common divisor of 8242 and 6135218.
634
What is the greatest common factor of 48471 and 1623939?
321
What is the highest common factor of 11 and 520861759?
11
Calculate the highest common divisor of 2134512 and 232776.
4392
What is the highest common divisor of 22589230 and 7780?
3890
What is the highest common divisor of 7881 and 13627101?
213
What is the greatest common divisor of 1001542 and 18570?
1238
What is the highest common divisor of 302643 and 50193?
297
Calculate the greatest common factor of 70811026 and 572.
286
What is the highest common divisor of 13029832 and 24?
8
Calculate the highest common factor of 1892 and 12189124.
172
What is the highest common divisor of 339237385 and 45?
5
Calculate the greatest common factor of 15 and 45282.
3
Calculate the highest common divisor of 13123 and 20207.
11
What is the greatest common divisor of 60 and 9237160?
20
Calculate the highest common divisor of 155881765 and 26.
13
Calculate the greatest common divisor of 59 and 32454484.
59
Calculate the highest common factor of 49 and 325943100.
49
Calculate the greatest common factor of 7897 and 9454617.
53
What is the greatest common factor of 448 and 59206?
14
Calculate the greatest common divisor of 891 and 60676.
11
Calculate the highest common factor of 2481690 and 9930.
30
Calculate the greatest common factor of 1084 and 959729156.
1084
Calculate the greatest common factor of 36351660 and 60.
60
Calculate the highest common factor of 7230 and 157242.
6
Calculate the greatest common factor of 9982 and 1229626.
46
What is the highest common factor of 1503 and 344949021?
1503
Calculate the highest common factor of 98 and 1356764675.
49
What is the greatest common divisor of 14691 and 20707089?
249
What is the highest common divisor of 4269 and 113148422?
1423
What is the highest common factor of 22940689 and 41?
41
What is the highest common divisor of 400 and 195856?
16
What is the greatest common divisor of 4 and 13426766?
2
Calculate the highest common factor of 8904 and 45.
3
Calculate the highest common divisor of 538577 and 1105.
221
What is the greatest common divisor of 1158779 and 3379?
109
What is the highest common factor of 980 and 97355650?
490
What is the greatest common divisor of 126556 and 184379?
1091
What is the greatest common factor of 5335 and 127070?
485
Calculate the highest common f